igit of j?
1
Let h = 64 + -23. What is the units digit of h?
1
Let n(l) = 131*l**2 + 3*l - 1. What is the tens digit of n(1)?
3
Let v be 4/16 + 438/8. Suppose v = 4*o + 3. What is the units digit of o?
3
Let i(l) = -l**3 + 2*l**2 + 2*l - 2. What is the units digit of i(-2)?
0
Suppose h - 139 + 3 = -2*f, 2*f + 2*h - 134 = 0. What is the tens digit of f?
6
Suppose u = 124 + 121. Suppose -32 = -5*b - d + u, -59 = -b + d. What is the units digit of b?
6
Let s = -8 + 14. Suppose -s*o + 125 = -o. What is the tens digit of o?
2
Suppose -v = -4*q + 5, 0 = 4*v - 3*q - 0*q + 7. Let c = 18 + v. What is the units digit of c?
7
Let z(u) = u + 13. Let h be z(-7). Let r = h + -6. Suppose r*m + 6 = 3*m. What is the units digit of m?
2
Let z be (-1)/((9/(-15))/3). Suppose z*d - 2 = 4*d. What is the units digit of d?
2
What is the tens digit of ((-2)/(-4))/(2/536)?
3
Suppose 4*l - 5*o - 76 = l, -5*o + 20 = 0. What is the tens digit of l?
3
Let w(o) = o**3 - 1. Let r be w(-1). Let f = r + 5. Suppose -14 = -f*m + 10. What is the units digit of m?
8
Suppose -4*v + 152 = -2*d, 124 = 2*v + 2*v + 5*d. What is the tens digit of v?
3
Let p(x) = 18*x**3 - x**2 + x - 2. Let l be p(2). Suppose 3*s - 3*a - 95 = -11, 5*a - l = -5*s. What is the units digit of s?
8
Suppose -3*z + 3 = -3*m, 2*z = 2*m - 2*z - 8. Suppose 0 = -3*n - s - 4, -5*s = 2*n - n - 8. Let r = n - m. What is the units digit of r?
4
Let a(i) = 3*i**3 - 4*i**2 + 2*i. Let j be -1 + 8/(0 - -2). Suppose 5*k - 7 = j. What is the tens digit of a(k)?
1
Suppose -3*l + 10 = -2*l + 3*y, 50 = 5*l - 2*y. Let w = -5 + l. What is the units digit of w?
5
Suppose -2*n + 250 = -0*n. Suppose -12*p + n = -7*p. What is the units digit of p?
5
Suppose -4*z - 4 = -12. Let l = z - 0. Let t = 3 - l. What is the units digit of t?
1
Suppose 11*l - 10*l - 49 = 0. What is the units digit of l?
9
Let p(s) = -4*s + 4. Let t be p(3). Let k(g) = -g**3 - 7*g**2 + 5*g - 1. What is the tens digit of k(t)?
2
Suppose 0 = -4*b - 4, h - 4*b + 48 = 3*h. Suppose 3*s - h = 4*v, -4 = v + 1. Suppose -8 + s = -2*j. What is the units digit of j?
3
Let l = -10 - -79. What is the tens digit of l?
6
What is the units digit of (-45)/(3 + (-9)/2)?
0
Let j(h) = -h**2 + 6*h - 4. Let b be j(8). What is the units digit of (-1)/2 + (-30)/b?
1
Let m = 892 - 450. What is the tens digit of m?
4
What is the units digit of 8/4*(-31)/(-1)?
2
Suppose 3*b + 6 = 4*b. Let s(u) = -17*u**3 + u**2 - 1. Let a be s(-1). Let z = a - b. What is the tens digit of z?
1
Let u(o) = o**2 + o - 2. Let r be u(-4). What is the tens digit of r*(2 - 1/2)?
1
Suppose 0*u - 68 = -4*u. What is the units digit of u?
7
What is the tens digit of (-5)/(3 - (-66)/(-21))?
3
Let a be -5*(3 + (-81)/15). Suppose -h - 3 = -a. What is the units digit of h?
9
Let q(n) = n - 9. Let m be q(7). Let t(y) = -2*y**3 - 2*y**2 + y - 1. What is the units digit of t(m)?
5
Suppose -8 = 4*a - 44. Let t = a - 8. What is the units digit of t?
1
Suppose j - b + 5 = 0, 2*j - 3*b = b - 18. What is the tens digit of (-1)/(j - 0)*22?
2
Suppose -3*d + 24 - 6 = 0. What is the units digit of d?
6
Let w be 24/(-15) - (-8)/(-20). Suppose -4*q + q + 2*p = -6, -5*p - 2 = -q. What is the units digit of q/(w/1) + 5?
4
Let t = -288 - -429. What is the units digit of t?
1
What is the tens digit of (-2)/(-12) + (1329/18 - 5)?
6
Let b(m) = 12*m - 5. Let g(o) = -o + 4. Let z be g(9). Let t(h) = -48*h + 21. Let j(a) = z*t(a) - 21*b(a). What is the units digit of j(-1)?
2
Let u be 3*((-32)/(-6) - 3). Suppose 2*c + 4*v = 0, 2*v + 2 = 3*c + u*v. What is the units digit of c?
4
Let d(n) = -n**3 + 11*n**2 + 2*n - 11. Let m be d(11). Suppose -5*q + 49 = -m. What is the units digit of q?
2
Let p(s) = -4*s**3 - 2*s**2 + s - 1. Let m be p(-2). What is the units digit of 4/6 - (-385)/m?
9
Suppose -28 = 4*t - 5*t. What is the units digit of t?
8
Let i(o) = 4*o + 11. What is the units digit of i(8)?
3
Let u = 6 + -3. Suppose b + 1 = -w, -u*b = 2*w + 3*w - 5. Suppose 3*g = -w*s + 49, -5*s - 4*g - g = -55. What is the units digit of s?
6
Suppose -4*h + 6 = -g + 1, -4*h - 5*g + 23 = 0. Suppose -2 = -h*a - 0. Let l = a - -2. What is the units digit of l?
3
Let b = 5 - 2. Suppose 3*a - 3 = -2*q - 4, 5*a - 25 = 2*q. Suppose a*x - 3 = b. What is the units digit of x?
2
Let a = 2 - 0. Suppose 5*n - 18 = a*n. What is the units digit of n?
6
Let a = 4 - 5. Let k(h) = -h**2 + h - 1. Let y be k(-3). What is the tens digit of (-1)/(-1*a/y)?
1
Let o be -15*-2*(-2)/(-12). Let c(r) = r + 6 - 1 - r**2 - r**3 + o. What is the units digit of c(0)?
0
Let d(z) = -z**2 + 3*z + 4. Let s be 1 - 2*(-3)/2. Let a be d(s). Suppose w + a*w = 16. What is the units digit of w?
6
Let c(z) = z - 6 + 6 - 5*z + 2. What is the tens digit of c(-2)?
1
What is the units digit of (16/(-5))/(6/(-45))?
4
Let x = 266 - 110. What is the hundreds digit of x?
1
Let d = 7 - 13. Let l = d + 4. What is the tens digit of (l - -3*1)*11?
1
Let b(r) = r**3 - 6*r**2 + 5. Let s be b(6). Let m(z) = -4 + 1 - s*z + 3*z. What is the units digit of m(-6)?
9
Suppose 0*c + 5*c + 33 = k, -50 = -5*k + 2*c. What is the units digit of k?
8
Suppose -4*b + 8 + 45 = -5*n, 1 = -2*b - 3*n. Suppose -b = -d + 15. What is the units digit of d?
2
Let d(q) = -6*q + 4. Let b(i) = -7*i + 5. Let s(n) = -4*b(n) + 5*d(n). Let v be s(-6). Suppose 3*z = v + 18. What is the units digit of z?
0
Let d = 1232 + -867. What is the hundreds digit of d?
3
Let p be ((-1)/(-2))/((-2)/(-20)). Suppose p*m = 2*m + 15. Suppose -3*t + s = -19, -45 = -m*t + s - 2*s. What is the units digit of t?
8
Let g(k) = -k**2 - k - 4. Let c = -3 + 0. Let b be g(c). What is the units digit of 4/10 + (-86)/b?
9
Suppose 200 = -g + 6*g. What is the units digit of g?
0
Suppose 5*d = -5*m + 460, m - d - 284 = -2*m. What is the units digit of m?
4
Let c be (2/6)/(-1)*3. Let b = c + 6. Suppose b*r - 3*r - 22 = 0. What is the units digit of r?
1
Let q be (-3)/1 + (-88)/(-4). Suppose -5 = x - q. What is the tens digit of x?
1
Let s = -11 + 13. Suppose s*u + 2*u - 72 = 0. What is the tens digit of u?
1
Let y(j) = -j**3 - 20*j**2 - 19*j - 3. Let n be y(-19). Suppose -23 = 4*l + 1. Let k = n - l. What is the units digit of k?
3
Let t(m) = -4*m**2 - 3*m**2 + 8*m + 9*m**2 + 7. What is the tens digit of t(-5)?
1
What is the units digit of (-1200)/(-12)*2/4?
0
Let p(x) = 62*x - 44. What is the tens digit of p(5)?
6
Let c(g) = g**3 + 6*g**2 + 4*g + 1. Let z be c(-5). Suppose -5*t - z*i = -2*i - 65, 2*t + 5*i = 43. What is the units digit of t?
9
What is the tens digit of ((-16)/(-10))/((24/(-45))/(-4))?
1
Let c be (-2)/(-4) + (-2)/(-4). Let a be -1*(-23 - (-1)/c). Suppose -4*b + 2*b = -a. What is the tens digit of b?
1
Let j(i) = 24*i**2 - 2*i + 7. Let g(c) = -12*c**2 + c - 4. Let o(u) = 7*g(u) + 4*j(u). What is the units digit of o(1)?
1
What is the tens digit of (-1 - -98)/(((-15)/12)/(-5))?
8
Let u(q) = -q**2 - 8*q + 8. Let n be u(-9). Let t be n/(0 - 2/(-2)). What is the units digit of t*2 - (-12 + 1)?
9
Let v = -66 + 161. Suppose 0 = 4*y + 3 - v. What is the tens digit of y?
2
Suppose 5*s - 39 = 41. What is the units digit of s?
6
What is the tens digit of (-139)/(-2) - 18/(-36)?
7
Let j = 49 + -22. What is the tens digit of j?
2
Let x(o) = o**3 - 8*o**2 + 3*o + 6. Let k be x(8). Suppose -3*i - 2*z + 0*z + k = 0, 69 = 5*i - 3*z. What is the units digit of i?
2
Let c be -5 - (0 - (0 + 0)). Let z(w) = -2*w**2 + w + 1. Let n be z(-1). Let p = n - c. What is the units digit of p?
3
Let l(h) = 29*h - 2. Let x be l(2). Suppose 2*n + n + 3*j = 36, x = 3*n - j. What is the tens digit of n?
1
What is the tens digit of (-114)/4*(4 + -6)?
5
Let l(n) = -11*n + 23. Let d be l(-13). Suppose -3*u + 0*u + 5*q + 167 = 0, 3*u - 4*q - d = 0. What is the tens digit of u?
5
Suppose 0 = p - 5*o - 0*o + 15, 0 = p - 4*o + 10. Suppose 4*z - 2*q + 4 = 3*q, 2*q + 26 = -3*z. Let v = p + z. What is the units digit of v?
4
Suppose f = -3*f - 3*q + 385, 0 = 2*q - 6. What is the tens digit of f?
9
Suppose 4 + 83 = 3*i. Suppose 5*l - 5*n - 35 = 0, -2*n - i + 10 = -3*l. Suppose 0 = 5*a - l*v + 6 + 9, -7 = -a - v. What is the units digit of a?
2
Let h(t) = 6 - 2*t + t - 2 + 2*t. What is the units digit of h(0)?
4
Let a(j) = -j**2 + 9*j - 6. Let r(m) = m**3 + 12*m**2 + 9*m - 16. Let b be r(-11). What